2 - a - 1. Let k be (1/((-1)/1))/1. Let g be i(k). Let o(m) = 6*m + 1 + 0 + 3*m**2 - 4*m**g. Determine o(5).
6
Let i(v) = v**3 + 6*v**2 + 4*v + 2. Let w = -1 + 1. Let g = w - -8. Let k = g - 13. Give i(k).
7
Suppose 3*t - 5*g = -3*g - 19, -20 = 3*t - g. Let b(q) = -q**3 - 6*q**2 + 7*q - 6. Give b(t).
-6
Suppose n - 2 = -0*n. Let i(x) = -x**3 + 2*x**2 - 4*x + 2. Determine i(n).
-6
Let z(j) = -j**3 - 3*j**2 - 8*j + 10. Let r(t) = 3*t**3 + 8*t**2 + 23*t - 29. Let v(d) = 6*r(d) + 17*z(d). Determine v(3).
2
Let f(h) = -2*h + 3. Let o be (2 - 3 - -6) + -1. Suppose o*n + 2 - 14 = 0. Give f(n).
-3
Let l(m) = -5*m**2 + 2 + 3*m**3 + 5*m - 4*m**3 + 3 - 3*m. Determine l(-5).
-5
Let i(l) = -5*l**3 - 5*l**2 + 3*l + 11. Let c(u) = 3*u**3 + 3*u**2 - 2*u - 7. Let p(h) = -8*c(h) - 5*i(h). Calculate p(-1).
0
Let l(i) = -2 + 5*i + 1 - 7*i. Let r(t) = t**2 + 4*t - 5. Let n be r(-5). Suppose n*x = -x + 3. What is l(x)?
-7
Suppose -5*v + 10 + 5 = 0. Suppose -38 + 5 = -11*h. Let a(k) = -1 + k**3 - 2*k**h + 3 - v. What is a(-1)?
0
Let f(b) = -1. Let u(j) = j**2 - j + 12. Let g(z) = -6*f(z) - u(z). What is g(0)?
-6
Let p(k) = k**2 - k - 1. Suppose 3*v + 2 = 17. Let x be 1*9/(-15)*v. Calculate p(x).
11
Let a(v) be the second derivative of -v**4/12 - 5*v**3/6 + v**2/2 + 4*v. What is a(-6)?
-5
Let k(r) = r**3 + 5*r**2 + 5*r - 1. Let u(t) = -t - 6. Let b be u(-8). Let g be (-10)/b*48/60. Give k(g).
-5
Let b(w) = 2*w + 9. Suppose -4*f - 6 = -14, -2*m - 18 = -2*f. Give b(m).
-5
Let c(v) = 23*v**2 + v - 17*v**2 - v**3 - 12*v**2 + 5. Determine c(-6).
-1
Suppose -2*f - 13 = -5*g, g + 2 = -0*g + 5*f. Let x(u) = 6*u - 5*u - 3*u + g. Give x(4).
-5
Let i(q) = 1. Let u(g) = 2*g**2 - 6*g + 4. Let t(y) = 2*i(y) - u(y). Give t(4).
-10
Suppose 4*m = -5*b + 15, b = -5*m - 3*b + 12. Let h(v) = 4*v + m*v - v. Suppose -15 = -0*r - 5*r, 0 = 3*f + 3*r - 15. What is h(f)?
6
Let c(v) = -3*v**2 - 3 - v**2 - 4*v + 2*v**2. Suppose 5*l - 3*l = 10. Suppose 0*s = -l*s - 10. What is c(s)?
-3
Suppose -2*d - 2*p + 8 = -d, -3*d - 3*p + 15 = 0. Let h(v) = 2*v - v**d - 5*v**2 + 0*v + 3 + 5*v**2. Let f be (-1)/3 + (-20)/(-6). What is h(f)?
0
Let f(j) = j**2 - 3*j - 7. Let l = 7 + 1. Suppose 0 = 4*a - 2*p - 16, -2*a - 3*p = -l*p. What is f(a)?
3
Suppose 5*d - 4 = 6. Suppose -d*c + 3*c - 2 = -w, w = 0. Let g(h) = 3 + h**3 + 0*h**2 + h**2 - 2*h**c - 5*h - h**2. Determine g(3).
-3
Let c(i) be the second derivative of -i**3/6 - i**2 - 6*i. What is c(2)?
-4
Let m = -39 - -34. Let k(x) = -x**3 - 4*x**2 + 6*x + 4. Calculate k(m).
-1
Let d(r) = r**2 - 9*r + 8. Let x be d(8). Let o = -2 - x. Let y(h) = -h**3 - 3*h**2 + 2*h + 3. Determine y(o).
-5
Suppose 0 = 4*s - 5*o - 2, -6 = -s - 2*o + 1. Let i be s + 0 - (4 - 1). Let p(q) = 3*q**3 + 5*q**2 - 2*q**3 - 3*q + i*q**2 - 2*q**3. What is p(4)?
4
Let i(n) = 2*n**3 + n**2 + n. Let q = 3 + -1. Suppose 0 = 5*s + q*f + 2*f + 11, 0 = 2*s + 4*f + 14. Suppose 0*x - s = x. What is i(x)?
-2
Suppose 0 = 5*t + n - 5*n - 26, 0 = 4*t + 2*n. Let v(z) = -2 + z**t + 1 + z - 1 - 7. Let b = 2 - 2. Give v(b).
-9
Let y(k) = -3*k + 3. Let o(z) = -z**2 - z + 3. Suppose -4*b - 3 = 9. Let h be o(b). Give y(h).
12
Let r(y) be the third derivative of y**5/60 - 7*y**4/24 - y**3 - 47*y**2. Determine r(10).
24
Let n(f) = -1. Let j(p) = -7*p**2 - 2*p - 5. Let g(i) = -j(i) + 4*n(i). Let o(c) = -c - 1. Let z be o(0). Give g(z).
6
Let j = -6 - -1. Let z(n) = n + 2. Let i(k) = 2 + 8*k - 15*k + 8*k. Let u(s) = -2*i(s) + 3*z(s). Determine u(j).
-3
Let t be (-3)/(-2)*(-2)/(-3). Let m(r) = -18*r + t + 8*r + 12*r - r**2. What is m(-1)?
-2
Let c(x) be the second derivative of -x**4/6 - x**3/2 - 3*x**2/2 - 8*x. Calculate c(-2).
-5
Let d be 3 + -2 + (-4)/(-2). Let i(j) = -3*j + 0*j**d - 4*j**2 + j - 4 - j**3. Determine i(-3).
-7
Let y be -1*(-15)/(-4) - -4. Let c(x) be the first derivative of -1/2*x**2 - x - 3 + x**3 - y*x**4. What is c(2)?
1
Suppose -10 = -2*x - 2*a, 4*x - 23 - 7 = -2*a. Let v(y) = -y**2 + 11*y - 14. Determine v(x).
-4
Let y(d) = -d**2. Let o(n) = -8*n**2 - n + 1. Let r(z) = -o(z) - 3*y(z). What is r(1)?
11
Suppose 2*o + 3 - 30 = -5*p, 4*o - 2*p = 18. Suppose -o = -3*s + 6. Let m(b) = 4 - 3 + 4*b - 2*b - s*b. What is m(3)?
-5
Let v(g) = 0*g**2 + g**2 + 2*g - 7*g**2 - 1. Suppose x = -3*x + 16, -2*r + 20 = 4*x. Suppose 0 = 5*n - 7 + r. Determine v(n).
-5
Let v(a) = -2*a + 5 + a - a. What is v(5)?
-5
Let z(g) = 2*g**2 + 6*g + 3. Let j = -6 + 2. What is z(j)?
11
Let m(f) be the first derivative of -f**2/2 - 3*f + 11. Determine m(-7).
4
Let u(o) be the first derivative of o**2/2 - 7*o - 13. Give u(8).
1
Let d(i) = -i**3 - 2*i - 1. Let a(m) = -m**3 - 5*m**2 + 10*m + 52. Let y be a(-5). Calculate d(y).
-13
Let w(o) be the third derivative of -o**4/12 - 5*o**3/6 - 36*o**2 + 2. Determine w(-4).
3
Let x(o) be the third derivative of -o**5/10 + o**4/12 - o**3/6 + 9*o**2. Determine x(1).
-5
Let p(v) = v**3 - v**2 - 3*v - 2. Suppose 0*s + 5*s = 15. Determine p(s).
7
Let o(p) = p**3 - 8*p**2 + 10*p + 10. Let a be o(6). Let w(h) = 4*h**2 + 4*h + 2. Give w(a).
10
Suppose -6*m - 4*u + 20 = -2*m, 0 = -5*u - 5. Let c(k) = -37*k**3 - 6*k - 5*k**2 + 1 + 45*k**3 - 7*k**3. Calculate c(m).
1
Let b(r) = -r**3 + 8*r**2 + r - 6. Let m be b(8). Let p(u) = -m*u - u - 6*u - 2 + 11*u. Give p(-3).
-8
Let z be 33/9 - (-4)/(-6). Let u(n) be the second derivative of 5*n + 1/2*n**3 + 0 + 2*n**2 - 1/12*n**4. What is u(z)?
4
Let y = 2 - 0. Suppose 4*k - y = 3*k. Let i(p) be the third derivative of p**4/24 - 16*p**2. Give i(k).
2
Let a be -1*(-5 + (-6)/(-3)). Let g(k) = -k**3 + 1 + 0*k**a - 2*k + 5*k**2 - 4*k**2. What is g(2)?
-7
Let a(c) = 19*c - 1. Let k(f) = -17*f + 1. Let m(i) = 5*a(i) + 6*k(i). What is m(-4)?
29
Let m = -131/2 - -66. Let h(o) be the second derivative of -2*o + m*o**2 + 0 - 1/6*o**3. Give h(0).
1
Let v(p) = -p**2 + 5*p + 8. Let c(b) = b**2 + 2*b + 1. Let s be c(-3). Suppose 5*d - 6 = s*d. What is v(d)?
2
Let m(q) = q**2 + 4*q - 7. Let y = 23 - 29. Calculate m(y).
5
Let r = -4 - -8. Let c = r + -3. Let q(k) be the first derivative of -3*k**2 - 2. Calculate q(c).
-6
Let h = -1 - -2. Let o be (4/5)/((-26)/(-65)). Let c(p) = p**o + 2*p + 6*p**2 - 2*p - p. What is c(h)?
6
Let q(w) = 2 - w - w**2 + 0 - 1 - w**3. Let r(x) = -x**2 - 5*x - 8. Let d be r(-2). What is q(d)?
7
Let r(p) = -p - 1. Let z = 4 + -6. Let q = -11 - z. Let y = -4 - q. What is r(y)?
-6
Let n(p) = 4*p**3 + 4*p**2 + 1. Let k(z) = -z**3 - z**2 - 1. Let o(y) = 2*k(y) + n(y). Give o(-1).
-1
Let v(h) be the third derivative of h**4/24 - 2*h**3/3 + h**2. Let q be v(6). Let k(y) = -3*y**q + 6*y**2 - 2*y**2 - y. What is k(3)?
6
Let j(l) be the second derivative of l**5/20 + l**4/4 - l**3/6 + l**2/2 - 25*l. What is j(-3)?
4
Let u(b) = -b**3 - b**2 - b + 5. Let d = -11 + 16. Suppose 0 = -0*h + d*h - 10. Let j = -2 + h. Calculate u(j).
5
Let d(r) be the first derivative of r**4/4 + 5*r**3/3 + 5*r + 4. Let c be (-4)/14 - 90/(-21). Suppose 2*k - 2 = 0, -k = c*z + 4*k + 15. Give d(z).
5
Let m(o) = o**3 + 3*o**2 - o - 4. Let b(s) = -4 - 9*s**2 - 4 + 0*s**2 - 3*s**3 - 12*s + 2*s**3. Let c be b(-8). Let p be c/(-9) - (-1)/(-3). Give m(p).
-1
Let i(u) = u**3 - 8*u**2 + 7*u. Suppose 2*b - 10 = 4. Calculate i(b).
0
Let v(l) = 2 - 5*l - l + l**2 - 1. Let c be (-7 - -2) + (-10 - -21). Give v(c).
1
Let d(y) = -5*y**2 - 8*y - 3. Suppose 0 = -5*s + 5*x + 40, -s + 7 = s + x. Let f(a) = 6*a**2 + 9*a + 3. Let q(k) = s*d(k) + 4*f(k). Let i = 44 - 47. Give q(i).
0
Let i(t) = t**3 - 3*t**2 + 3*t - 3. Let o = 8 + -5. Let c be 0/o + -1 + 3. What is i(c)?
-1
Let d(m) be the third derivative of m**6/120 - m**5/20 + m**3/6 + 8*m**2. Calculate d(2).
-3
Let x(c) = 4*c + 2. Let s = 4 + -7. Let k(m) = -m - 1. Let w(r) = s*k(r) - x(r). Suppose 18 = 6*h - 0*h. What is w(h)?
-2
Suppose 2*g = 10, 4*g - 2 = 2*x + 2*g. Let p(j) = -j**3 + 4*j**2 - 3*j + 1. What is p(x)?
-11
Let h(o) = 13*o - 6. Let d(k) = -2*k + 1. Let z(f) = 14*d(f) + 2*h(f). Give z(-2).
6
Suppose 2 = -2*o + 5*q + 1, 0 = 3*o + 4*q - 10. Suppose o*j + 3*j - 30 = 0. Let w(l) = -l. Calculate w(j).
-6
Let g(j) be the first derivative of -5*j**4/24 - j**3/6 + 5*j**2/2 + 4. Let v(h) be the second derivative of g(h). What is v(2)?
-11
Let w(c) be the second derivative of -c**5/20 + 11*c**4/12 - 3*c**3/2 - 11*c**2/2 + 18*c. Determi